 the greatest common factor of 226 and 1921?
113
What is the highest common factor of 141 and 189?
3
What is the highest common factor of 59261 and 19?
19
What is the highest common divisor of 24 and 852?
12
What is the greatest common divisor of 42 and 2478?
42
What is the highest common factor of 6 and 60?
6
What is the highest common divisor of 3298 and 850?
34
What is the highest common factor of 931 and 49?
49
What is the highest common factor of 21 and 9?
3
What is the highest common factor of 28 and 60?
4
What is the highest common factor of 306 and 68?
34
Calculate the greatest common factor of 12 and 18534.
6
Calculate the greatest common factor of 1166 and 6254.
106
Calculate the greatest common divisor of 9 and 123.
3
What is the highest common divisor of 23150 and 20?
10
Calculate the highest common factor of 3072 and 96.
96
What is the highest common factor of 36 and 477?
9
Calculate the highest common divisor of 248 and 4588.
124
Calculate the greatest common divisor of 170 and 255.
85
What is the greatest common factor of 8 and 142?
2
Calculate the greatest common factor of 39 and 6.
3
What is the greatest common factor of 6683 and 41?
41
Calculate the highest common divisor of 89 and 1.
1
What is the greatest common divisor of 39 and 234?
39
Calculate the greatest common divisor of 200 and 250.
50
What is the highest common factor of 8 and 41912?
8
What is the greatest common divisor of 112 and 12824?
56
Calculate the greatest common factor of 2356 and 186.
62
What is the greatest common factor of 1258 and 34?
34
What is the highest common divisor of 206 and 1133?
103
Calculate the greatest common divisor of 26 and 221.
13
What is the highest common divisor of 16 and 248?
8
What is the highest common factor of 10 and 1930?
10
Calculate the highest common divisor of 48 and 20.
4
What is the highest common divisor of 9 and 79?
1
What is the highest common factor of 90 and 38?
2
Calculate the highest common divisor of 189 and 27.
27
What is the greatest common divisor of 15 and 5?
5
Calculate the greatest common divisor of 73 and 64021.
73
What is the highest common factor of 36 and 9?
9
What is the greatest common divisor of 111 and 8991?
111
Calculate the greatest common factor of 60 and 5088.
12
Calculate the greatest common divisor of 80 and 17840.
80
Calculate the greatest common divisor of 295 and 59.
59
Calculate the highest common factor of 4 and 884.
4
Calculate the highest common factor of 2450 and 20.
10
Calculate the greatest common factor of 320 and 1840.
80
Calculate the greatest common factor of 1189 and 287.
41
Calculate the highest common divisor of 377 and 203.
29
What is the greatest common factor of 32 and 88?
8
What is the greatest common divisor of 7276 and 17?
17
What is the greatest common factor of 9 and 78?
3
What is the greatest common factor of 17 and 289?
17
What is the greatest common factor of 1392 and 1296?
48
Calculate the highest common divisor of 5000 and 40.
40
What is the highest common factor of 8468 and 29?
29
Calculate the greatest common factor of 497 and 7.
7
What is the highest common factor of 185 and 10?
5
Calculate the highest common divisor of 9674 and 56.
14
Calculate the highest common divisor of 174 and 30.
6
What is the greatest common factor of 1666 and 1360?
34
Calculate the highest common divisor of 120 and 1000.
40
Calculate the highest common divisor of 1898 and 26.
26
Calculate the greatest common factor of 765 and 1989.
153
What is the greatest common divisor of 168 and 546?
42
What is the highest common factor of 1 and 29?
1
Calculate the greatest common factor of 238 and 28.
14
What is the highest common factor of 11 and 209?
11
What is the greatest common divisor of 10769 and 11?
11
Calculate the greatest common divisor of 1891 and 61.
61
What is the highest common factor of 5744 and 24?
8
Calculate the greatest common factor of 231 and 105.
21
Calculate the greatest common factor of 2708 and 4.
4
Calculate the highest common divisor of 48 and 208.
16
Calculate the greatest common divisor of 1739 and 188.
47
What is the highest common divisor of 13 and 741?
13
Calculate the highest common divisor of 209 and 110.
11
Calculate the highest common divisor of 2519 and 1145.
229
Calculate the greatest common divisor of 22 and 1287.
11
What is the highest common divisor of 4 and 914?
2
What is the highest common factor of 55 and 2211?
11
What is the highest common factor of 10481 and 47?
47
What is the highest common factor of 325 and 91?
13
What is the highest common divisor of 38 and 1843?
19
Calculate the greatest common divisor of 5 and 640.
5
What is the highest common divisor of 24 and 768?
24
Calculate the greatest common divisor of 1290 and 60.
30
Calculate the greatest common divisor of 165 and 135.
15
Calculate the highest common divisor of 481 and 296.
37
What is the greatest common factor of 16 and 404?
4
What is the greatest common factor of 506 and 184?
46
What is the highest common divisor of 2773 and 188?
47
Calculate the greatest common factor of 11 and 12.
1
Calculate the greatest common factor of 9 and 19233.
9
What is the greatest common factor of 2 and 32?
2
Calculate the highest common divisor of 2718 and 36.
18
What is the highest common divisor of 12803 and 651?
217
What is the highest common divisor of 28 and 546?
14
Calculate the highest common factor of 135 and 960.
15
Calculate the greatest common divisor of 444 and 9102.
222
What is the greatest common factor of 24 and 4?
4
Calculate the highest common divisor of 63 and 18.
9
Calculate the highest common divisor of 1469 and 65.
13
What is the greatest common factor of 1 and 199?
1
What is the highest common divisor of 110 and 90?
10
What is the greatest common divisor of 5705 and 175?
35
What is the greatest common factor of 608 and 4408?
152
Calculate the highest common factor of 54315 and 153.
153
Calculate the highest common divisor of 194 and 3104.
194
What is the greatest common factor of 187 and 638?
11
Calculate the greatest common factor of 162 and 198.
18
What is the highest common divisor of 4712 and 304?
152
What is the greatest common factor of 869 and 79?
79
What is the greatest common divisor of 110 and 66?
22
What is the greatest common divisor of 3774 and 444?
222
What is the greatest common divisor of 1584 and 99?
99
Calculate the greatest common factor of 56 and 91.
7
What is the greatest common divisor of 264 and 72?
24
Calculate the highest common factor of 46 and 1886.
46
Calculate the highest common divisor of 750 and 30.
30
What is the greatest common factor of 24 and 8?
8
Calculate the highest common factor of 36 and 1854.
18
What is the highest common factor of 392 and 672?
56
Calculate the highest common divisor of 402 and 1340.
134
What is the highest common divisor of 36 and 92?
4
What is the greatest common divisor of 159 and 2067?
159
Calculate the highest common divisor of 63 and 1197.
63
What is the greatest common divisor of 475 and 551?
19
Calculate the highest common factor of 26 and 338.
26
Calculate the greatest common divisor of 28 and 4578.
14
What is the highest common divisor of 175 and 7?
7
What is the greatest common factor of 262 and 9039?
131
What is the greatest common factor of 56 and 1295?
7
What is the highest common divisor of 25 and 400?
25
Calculate the greatest common factor of 1995 and 57.
57
Calculate the highest common factor of 3349 and 34.
17
What is the highest common factor of 128 and 1472?
64
What is the greatest common divisor of 221 and 2756?
13
What is the greatest common divisor of 75 and 3?
3
Calculate the greatest common divisor of 3526 and 43.
43
What is the highest common divisor of 950 and 38?
38
What is the highest common divisor of 220 and 20?
20
What is the highest common factor of 4 and 188?
4
What is the highest common factor of 8 and 200?
8
Calculate the greatest common divisor of 12 and 164.
4
What is the greatest common factor of 180 and 1236?
12
What is the greatest common divisor of 5 and 45005?
5
Calculate the greatest common factor of 406 and 14.
14
Calculate the highest common divisor of 2016 and 5600.
224
Calculate the highest common divisor of 15416 and 32.
8
What is the highest common divisor of 46 and 782?
46